7 and 5341?
763
Calculate the highest common factor of 119764 and 2054.
158
What is the greatest common factor of 4233 and 306?
51
What is the highest common divisor of 288 and 75672?
72
What is the highest common factor of 1383 and 19476789?
1383
Calculate the greatest common factor of 54147 and 18.
3
What is the greatest common divisor of 1209 and 31837?
403
Calculate the greatest common divisor of 89180 and 34580.
1820
Calculate the highest common factor of 3873 and 375.
3
Calculate the highest common divisor of 533 and 208.
13
What is the greatest common divisor of 824738 and 5334?
254
Calculate the highest common divisor of 216 and 522024.
24
Calculate the greatest common factor of 498 and 3840.
6
Calculate the greatest common factor of 6480 and 11700.
180
Calculate the greatest common divisor of 11026 and 2368.
74
What is the greatest common divisor of 812 and 11020?
116
What is the greatest common divisor of 320 and 4720?
80
What is the highest common divisor of 9022 and 10582?
26
What is the highest common divisor of 15 and 9387?
3
What is the highest common factor of 12964 and 112?
28
What is the greatest common divisor of 44352 and 111573?
693
What is the greatest common factor of 168 and 13278?
6
Calculate the greatest common factor of 572 and 320.
4
What is the greatest common factor of 273012 and 24?
12
What is the greatest common factor of 59 and 87910?
59
What is the highest common divisor of 2926 and 37202?
418
What is the greatest common divisor of 385522 and 106?
106
What is the greatest common factor of 7 and 10129?
7
Calculate the highest common factor of 6096786 and 174.
174
What is the greatest common factor of 24 and 131992?
8
What is the greatest common factor of 1488 and 1248?
48
Calculate the highest common divisor of 1221063 and 382.
191
Calculate the highest common divisor of 65865 and 60.
15
Calculate the highest common divisor of 11 and 542630.
11
Calculate the greatest common divisor of 528 and 46024.
88
Calculate the highest common factor of 76 and 321746.
38
What is the highest common factor of 7106544 and 32?
16
Calculate the greatest common factor of 169 and 1209.
13
What is the highest common factor of 563740 and 2382?
794
Calculate the greatest common factor of 12 and 8499.
3
Calculate the greatest common factor of 76 and 3724.
76
Calculate the highest common factor of 14 and 4962454.
14
What is the greatest common divisor of 30 and 16490010?
30
Calculate the greatest common divisor of 37334 and 506.
22
Calculate the highest common factor of 2623 and 1037.
61
What is the highest common factor of 4843 and 47428?
167
Calculate the highest common divisor of 32459 and 231.
7
Calculate the greatest common factor of 218123 and 531.
59
What is the greatest common factor of 588 and 329?
7
Calculate the greatest common factor of 23157 and 62.
31
What is the highest common factor of 2206252 and 46?
46
Calculate the highest common factor of 318584 and 49.
7
Calculate the highest common divisor of 333749 and 117.
13
What is the highest common factor of 541096 and 717?
239
Calculate the highest common factor of 1749 and 22.
11
Calculate the highest common factor of 11917550 and 1450.
1450
What is the greatest common factor of 15878 and 68?
34
What is the greatest common factor of 272035 and 205?
205
Calculate the greatest common divisor of 46 and 2866306.
46
What is the highest common divisor of 5741 and 9?
1
Calculate the highest common factor of 27552 and 546.
42
Calculate the greatest common divisor of 38412 and 108.
36
Calculate the greatest common divisor of 50249 and 1199.
109
Calculate the greatest common factor of 335538 and 3654.
126
What is the highest common divisor of 47275 and 58255?
305
What is the greatest common divisor of 2840 and 57368?
568
Calculate the highest common factor of 30672 and 576.
144
Calculate the greatest common factor of 1254 and 24398.
22
What is the highest common divisor of 33184 and 74528?
544
What is the highest common divisor of 113 and 2283843?
113
What is the greatest common divisor of 217375 and 75?
25
What is the greatest common divisor of 13850 and 175?
25
What is the highest common divisor of 110511 and 54?
27
What is the greatest common divisor of 4730080 and 1088?
544
What is the highest common factor of 1116 and 48453?
93
Calculate the greatest common divisor of 288 and 25848.
72
What is the highest common divisor of 8255 and 81534?
127
Calculate the greatest common divisor of 80278 and 118162.
902
What is the highest common divisor of 1962 and 342?
18
Calculate the highest common factor of 132698 and 86.
86
What is the highest common divisor of 18550 and 90?
10
What is the highest common divisor of 49512 and 312?
24
Calculate the highest common divisor of 20 and 28520.
20
What is the greatest common divisor of 96490 and 120?
10
What is the highest common divisor of 205 and 26158?
41
Calculate the greatest common divisor of 8586 and 265.
53
What is the greatest common divisor of 13959 and 660?
33
Calculate the highest common factor of 240051 and 21.
21
Calculate the highest common divisor of 328 and 588842.
82
Calculate the highest common divisor of 461 and 36.
1
What is the highest common divisor of 121280 and 208?
16
What is the greatest common divisor of 18202 and 32?
2
What is the highest common divisor of 184434 and 708?
354
Calculate the greatest common divisor of 9595 and 8585.
505
What is the greatest common divisor of 22940 and 37138?
62
What is the greatest common factor of 1260 and 51240?
420
What is the greatest common factor of 209018 and 328?
82
What is the greatest common factor of 1860320 and 330?
110
What is the highest common divisor of 265312 and 256?
32
Calculate the highest common factor of 305295 and 15.
15
What is the greatest common divisor of 41588 and 518?
74
What is the greatest common factor of 7627 and 232?
29
Calculate the highest common divisor of 6996 and 198.
66
Calculate the highest common factor of 285634 and 90644.
1054
What is the highest common divisor of 23257 and 104?
13
What is the greatest common factor of 16 and 11367784?
8
Calculate the highest common divisor of 6594 and 28.
14
What is the greatest common divisor of 704132 and 2860?
572
Calculate the highest common divisor of 1244 and 64377.
311
Calculate the highest common factor of 26984 and 6.
2
What is the highest common divisor of 4333 and 7?
7
What is the greatest common factor of 18 and 6246?
18
What is the greatest common factor of 77 and 28049?
7
Calculate the greatest common divisor of 4956 and 372644.
236
What is the greatest common divisor of 82152 and 567?
63
Calculate the highest common divisor of 28876 and 36.
4
What is the highest common divisor of 53079 and 3081?
39
What is the highest common divisor of 3375 and 5085?
45
What is the highest common divisor of 285 and 1767?
57
What is the greatest common divisor of 4354 and 350?
14
What is the greatest common divisor of 330 and 57530?
110
What is the highest common divisor of 833 and 299047?
833
Calculate the highest common factor of 1175 and 7849.
47
Calculate the highest common factor of 48 and 1165704.
24
Calculate the highest common factor of 1320 and 8481.
33
What is the highest common factor of 2499 and 1617?
147
What is the highest common divisor of 2185 and 4255?
115
Calculate the greatest common divisor of 108 and 1028376.
108
Calculate the greatest common factor of 624270 and 20.
10
What is the highest common divisor of 8280 and 70020?
180
Calculate the highest common factor of 9261 and 1809.
27
What is the highest common factor of 8094 and 342?
114
Calculate the greatest common divisor of 113212 and 1984.
124
What is the highest common divisor of 2478609 and 63?
63
Calculate the highest common divisor of 3338703 and 207.
207
What is the greatest common divisor of 577449 and 27?
27
Calculate the greatest common divisor of 156 and 62.
2
What is the highest common divisor of 3504 and 1241?
73
What is the greatest common factor of 4770 and 22790?
530
What is the greatest common divisor of 2268 and 2466?
18
What is the greatest common factor of 4238566 and 202?
202
What is the greatest common factor of 13 and 28561?
13
What is the greatest common factor of 195326 and 254?
254
What is the highest common 